the prime factors of g.
17
Let l(p) = -8*p - 4 - 25*p + 12*p + p**2. List the prime factors of l(24).
2, 17
Let k(d) = 88*d**2 + 39*d + 107. What are the prime factors of k(-8)?
3, 67
Suppose 0 = -22*h - 8*h + 61680. List the prime factors of h.
2, 257
Let i(y) = 2*y + 1. Let m be i(2). Let z = m + -4. List the prime factors of 3*(111/9)/z.
37
Suppose -3*o + 5*z - 17 - 12 = 0, 4*z + 38 = -o. List the prime factors of (11/2)/((5/o)/(-5)).
3, 11
Let v(k) = -2*k**2 + 1. Let q be v(2). Let c(t) = t**3 + 7*t**2 - 2*t + 1. Let z be c(q). Suppose -4*w - w = -z. What are the prime factors of w?
3
Let v be ((2 - 1) + -2)*4. Suppose 74 = 5*o - 41. Let f = o + v. What are the prime factors of f?
19
Let i = 48 + -10. Let b = 68 - i. Suppose -4*m = -b - 6. List the prime factors of m.
3
Suppose -7*f - 9347 = -31866. What are the prime factors of f?
3217
Let r(n) = n**3 - 24*n**2 + 11*n - 6. List the prime factors of r(24).
2, 3, 43
Let t be 24/((81/72)/((-3)/(-4))). Suppose -619 = -5*m - 3*c + t, 0 = 5*m - 3*c - 665. What are the prime factors of m?
2, 5, 13
Let k(f) = f**2 - 4*f + 6. Let z = -3 + 1. Let p be ((-1)/(-3))/(z/(-42)). List the prime factors of k(p).
3
Let m(a) = -a**2 + 2*a + 7. Let x be m(3). Suppose x*v - 414 = 2*v. Suppose -5*h - 47 = -3*u - v, 0 = h - 5*u - 32. What are the prime factors of h?
2
Suppose 5*o - 3125 = -5*g, 2*g + 2521 = 6*g - 3*o. Suppose -12*q + 1708 = g. What are the prime factors of q?
2, 3, 5
Let r(k) = -50*k**3 + k - 2. Let o be r(-2). Suppose -6*p + 12*p = o. What are the prime factors of p?
2, 3, 11
Suppose -5*w = 4*q - 1692, 0 = 2*q - 7*q + 15. List the prime factors of w.
2, 3, 7
Suppose 2*g + 3*o - 124 = 0, g + o - 85 = -21. Let h = 102 + g. What are the prime factors of h?
2, 5, 17
Let t(a) = -a**2 + 15*a + 17. What are the prime factors of t(8)?
73
Suppose -2*k + 4*k + 5*w - 1142 = 0, 4*k = 3*w + 2258. List the prime factors of k.
2, 283
What are the prime factors of (510/(-8))/((-477)/2544)?
2, 5, 17
Suppose 13*j - 5*j - 568 = 0. List the prime factors of j.
71
Suppose 3*j + 5*a + 16 = 0, -72 = 5*j - 5*a + 8. What are the prime factors of ((-16)/j)/((-2)/(-189))?
2, 3, 7
Let k be (-8)/(-6)*6/4. Suppose 0 = -3*j - 19 - k. Let n(w) = -4*w + 2. What are the prime factors of n(j)?
2, 3, 5
Let z(p) = -p**2 - 3*p + 3. Suppose 0 = 4*w + 2*k - 8, -5*w - 3*k + 3 = -6. Let r be z(w). Let n = r + 40. List the prime factors of n.
5
Let x(q) = q**3 + 4*q**2 - 3*q + 6. Let j be x(-5). What are the prime factors of (-70)/j*(-6)/(-5)?
3, 7
Let h(u) = 64*u**2 - 2*u - 5. List the prime factors of h(4).
3, 337
Suppose -2*u = -6*b + b + 45, 2 = -2*b. List the prime factors of (-417)/(-5) - (-10)/u.
83
Suppose -14 - 10 = 4*d. Let v = 9 + d. What are the prime factors of 2/3*1*v?
2
Let f = 17 + -15. Let n(x) = 0*x - 1 + x**2 + 0*x**2 + 3*x - f*x. What are the prime factors of n(-4)?
11
Let s(n) = 2*n**2 + 36*n + 270. List the prime factors of s(33).
2, 3, 101
Let f(j) be the first derivative of -7*j**4/24 - 2*j**3/3 + 3*j**2 - 8. Let m(r) be the second derivative of f(r). List the prime factors of m(-4).
2, 3
Suppose 0 = 5*q - 3*y + 116 - 2593, 0 = -y - 4. List the prime factors of q.
17, 29
What are the prime factors of (-22)/66*1059/(-1)*1?
353
Let c(k) = k**3 - 4*k**2 + 5*k - 2. Let y be c(4). Let a = -15 + y. Suppose -a*r = -4*o - 7 - 5, 19 = 2*r + o. List the prime factors of r.
2
Suppose 21 = 3*v - 27. Suppose 4*d = 3*b + 656, -4*b - v + 0 = 0. List the prime factors of d.
7, 23
Let o = 7 - 5. Let w(s) = 8*s**2 + 4*s**o - 5*s**2 - 5*s + 8 - s**3. List the prime factors of w(6).
2, 7
Let n(t) = -t + 12. Let z be n(9). Let y = z + 1. What are the prime factors of y/(-6) - 40/(-6)?
2, 3
Let p(g) = -12*g**2 + 23*g**3 - 49*g**3 - 5*g + 27*g**3 - 15. What are the prime factors of p(13)?
89
Suppose -2*j + 15 = 5. Suppose -4*i + 32 = j*q, -i = 3*i + 2*q - 20. Suppose 2*x - 14 = -2*m, -4*m - i*x = -x - 24. What are the prime factors of m?
5
Let k(t) = -16*t**2 + 2*t - 4. Let w be k(-6). What are the prime factors of 6 + 64/(-12) + w/(-3)?
2, 3, 11
Let b(j) = -j**3 - 18*j**2 + 8*j + 60. List the prime factors of b(-19).
269
Let s = 382 + 368. List the prime factors of s.
2, 3, 5
Let m(i) = 2*i - i**2 - 4*i - 3*i + 0*i + 6. Let x be m(-5). Suppose x = 3*v - 60. What are the prime factors of v?
2, 11
Let m = 1060 + -696. List the prime factors of m.
2, 7, 13
What are the prime factors of 37/(2*(49/(-1876))/(-7))?
2, 37, 67
List the prime factors of (-8488)/(-20)*(4 + 70/20).
3, 1061
Suppose 3*o - 5*o - 2*x = -1442, 2*o - 1430 = -5*x. Suppose -o = 6*a - 11*a. List the prime factors of a.
5, 29
List the prime factors of 56/224 + (0 - 22/(-8)).
3
Suppose y + 2*y = -3. Let k be 6*(y + (-21)/(-6)). Suppose 2*q + 2*q - 45 = v, k = -3*v. List the prime factors of q.
2, 5
Let k(s) = 0 + 1 + 3 - 5*s + 2*s**2 - 2*s - s**3. Let q be k(4). Let u = q - -82. List the prime factors of u.
2, 13
Let z(f) = 2173*f**3 + 8*f - 7. What are the prime factors of z(1)?
2, 1087
What are the prime factors of -7 - ((-8)/(-3))/(28/(-12810))?
1213
Let l(z) = 19*z**2 + 69*z - 3. What are the prime factors of l(-8)?
661
Suppose 182 = -4*n + 2. List the prime factors of (-8)/(-5)*n/(-6).
2, 3
Let z(v) = -v**2 - 7*v - 3. Let c be z(-8). Suppose -5*a - 119 = -3*m, -4*m = -6*m - 4*a + 50. Let l = m + c. List the prime factors of l.
2, 11
Let f(h) = -52 - 22*h + 19*h + 17*h. List the prime factors of f(19).
2, 107
Let k(w) = -w**3 - 2*w**2 + 4*w - 20. Suppose -3*a - 6 = -0*j + 3*j, -4*j = 5*a + 14. List the prime factors of k(a).
2, 5
Let a be 27/6 + (-8)/(-16). Suppose -2*m - 4*f = -72, 3*m + a*f = 2*m + 30. What are the prime factors of m?
2, 5
Let a(b) = b**2 - 11*b. Let n be a(-9). Let h = -106 + n. Suppose -4*f = 2*i - h, -4*i + 87 = -2*f - 61. What are the prime factors of i?
37
Suppose 5*k + 5*s = 50, -5*k - s + 25 = -3*k. List the prime factors of 223/k + 18/135.
3, 5
Suppose -3*x - 3*t = -1437, -t = -x + 220 + 253. What are the prime factors of x?
2, 7, 17
Let k(q) = 2*q**2 - 7*q - 7. List the prime factors of k(-8).
3, 59
Suppose -32*s + 19961 = -7815. What are the prime factors of s?
2, 7, 31
Let z = -2421 - -3437. List the prime factors of z.
2, 127
Let c(y) = -19*y**3 + y. Let w = -5 + 7. Suppose 2*d + w = -0. What are the prime factors of c(d)?
2, 3
Suppose 142 - 34 = 3*x - 2*i, x + 3*i - 36 = 0. Let a = 68 + x. What are the prime factors of a?
2, 13
What are the prime factors of (-52130)/39*(-18)/12?
5, 401
Let h be (-20)/6*(-217 - 5). Suppose 0*f - 5*f = -h. What are the prime factors of f?
2, 37
Suppose 3*y + 5*h - 60 = 97, 4*y + 4*h - 212 = 0. What are the prime factors of y?
2, 3
What are the prime factors of (-18)/117 - 8296/(-13)?
2, 11, 29
Let h = 3092 + -1341. List the prime factors of h.
17, 103
Suppose 0 = 5*o + 3*a + 486, -o - 4*a + 2*a = 100. Let r = o - -143. List the prime factors of r.
47
Let q = -1414 - -2329. List the prime factors of q.
3, 5, 61
Let g be (2/6)/((-2)/(-6)). Let y(i) = 21*i + 1. List the prime factors of y(g).
2, 11
Let p be -1*6/(-4)*-2. What are the prime factors of 82/(-12)*p + 6/(-4)?
19
Let f be (-3)/4 + 299/52. Suppose 0 = -5*o - f*w + 7 + 3, 3*w = 0. List the prime factors of (o/3)/(10/285).
19
List the prime factors of 3/(-5) - 117364/(-65).
5, 19
Suppose 5*w + 3*y - 10216 = 0, 3*w + 137*y = 139*y + 6122. List the prime factors of w.
2, 1021
Let c(h) = -h + 1. Let o be c(-4). Let i = o - -4. What are the prime factors of i?
3
Let v = 14 + -4. Let u be v/3*957/22. Let a = u + -91. What are the prime factors of a?
2, 3
Suppose 756 = -8*k - 132. Let j = 346 + k. List the prime factors of j.
5, 47
List the prime factors of (101 + 1)*9/18.
3, 17
Let v be (-2)/(2/(-6)*3). Let o = 45 - -57. Suppose -4 = -0*u + u, -o = -v*k + 3*u. What are the prime factors of k?
3, 5
Let u(n) = -2*n - 10*n - n**2 - 9 - 9 - 5*n. Suppose 11 = -j + 2*s, 24 + 7 = -2*j - 5*s. List the prime factors of u(j).
2, 17
Let p = -35 + 38. Suppose 0*y + p = 3*y, -4*l = 4*y - 120. List the prime factors of l.
29
Let u(b) = b**2 + 6*b + 50. Let i be -8 + -4 + -2 + 1. What are the prime factors of u(i)?
3, 47
Suppose -4*d = v - 1467, 0*d + 3*v = 2*d - 723. What are the prime factors of d?
2, 3, 61
What are the prime factors of 92439/18 - (-1)/(-2)?
5, 13